{"id":277,"date":"2022-06-08T11:57:58","date_gmt":"2022-06-08T11:57:58","guid":{"rendered":"https:\/\/sprechbohrer.de\/?page_id=277"},"modified":"2022-06-09T23:35:13","modified_gmt":"2022-06-09T23:35:13","slug":"releases","status":"publish","type":"page","link":"https:\/\/sprechbohrer.de\/?page_id=277","title":{"rendered":"#releases"},"content":{"rendered":"\n<p>Ver\u00f6ffentlichungen der sprechbohrer<\/p>\n\n\n\n<div class=\"wp-block-media-text alignwide is-stacked-on-mobile\"><figure class=\"wp-block-media-text__media\"><img data-recalc-dims=\"1\" loading=\"lazy\" decoding=\"async\" width=\"678\" height=\"678\" src=\"https:\/\/i0.wp.com\/sprechbohrer.de\/wp-content\/uploads\/2022\/06\/in-dubio.jpg?resize=678%2C678&#038;ssl=1\" alt=\"\" class=\"wp-image-289 size-full\" srcset=\"https:\/\/i0.wp.com\/sprechbohrer.de\/wp-content\/uploads\/2022\/06\/in-dubio-scaled.jpg?resize=1024%2C1024&amp;ssl=1 1024w, https:\/\/i0.wp.com\/sprechbohrer.de\/wp-content\/uploads\/2022\/06\/in-dubio-scaled.jpg?resize=300%2C300&amp;ssl=1 300w, https:\/\/i0.wp.com\/sprechbohrer.de\/wp-content\/uploads\/2022\/06\/in-dubio-scaled.jpg?resize=150%2C150&amp;ssl=1 150w, https:\/\/i0.wp.com\/sprechbohrer.de\/wp-content\/uploads\/2022\/06\/in-dubio-scaled.jpg?resize=768%2C768&amp;ssl=1 768w, https:\/\/i0.wp.com\/sprechbohrer.de\/wp-content\/uploads\/2022\/06\/in-dubio-scaled.jpg?resize=1536%2C1536&amp;ssl=1 1536w, https:\/\/i0.wp.com\/sprechbohrer.de\/wp-content\/uploads\/2022\/06\/in-dubio-scaled.jpg?resize=2048%2C2048&amp;ssl=1 2048w, https:\/\/i0.wp.com\/sprechbohrer.de\/wp-content\/uploads\/2022\/06\/in-dubio-scaled.jpg?w=1356&amp;ssl=1 1356w\" sizes=\"auto, (max-width: 678px) 100vw, 678px\" \/><\/figure><div class=\"wp-block-media-text__content\">\n<p style=\"font-size:16px\">sprechbohrer \u2022 <em>in dubio<\/em>. elektro-akustische musik mit kinder- und erwachsenenstimmen von georg sachse 2009. remastered 2021. <\/p>\n\n\n\n<p><a href=\"https:\/\/linktr.ee\/sprechbohrer\">released online<\/a><\/p>\n\n\n\n<p><\/p>\n\n\n\n<p><\/p>\n\n\n\n<p>klangforschungszentrale nov. 2021<\/p>\n<\/div><\/div>\n\n\n\n<p><\/p>\n\n\n\n<hr class=\"wp-block-separator has-alpha-channel-opacity\"\/>\n\n\n\n<div class=\"wp-block-media-text alignwide has-media-on-the-right is-stacked-on-mobile\"><figure class=\"wp-block-media-text__media\"><img data-recalc-dims=\"1\" loading=\"lazy\" decoding=\"async\" width=\"325\" height=\"456\" src=\"https:\/\/i0.wp.com\/sprechbohrer.de\/wp-content\/uploads\/2022\/06\/Autorenmusik.jpg?resize=325%2C456&#038;ssl=1\" alt=\"\" class=\"wp-image-290 size-full\" srcset=\"https:\/\/i0.wp.com\/sprechbohrer.de\/wp-content\/uploads\/2022\/06\/Autorenmusik.jpg?w=325&amp;ssl=1 325w, https:\/\/i0.wp.com\/sprechbohrer.de\/wp-content\/uploads\/2022\/06\/Autorenmusik.jpg?resize=214%2C300&amp;ssl=1 214w\" sizes=\"auto, (max-width: 325px) 100vw, 325px\" \/><\/figure><div class=\"wp-block-media-text__content\">\n<p>Harald Muenz &amp; Florian Neuner (Hg.) \u2022 Autorenmusik. Erkundungen im Zwischenreich von Sprache und Musik. <\/p>\n\n\n\n<p class=\"has-small-font-size\">Zwischen Lautpoesie und Sprachmusik, Performance und kompositorischer Erforschung der Sprechwerkzeuge bewegen sich die St\u00fccke, die Schriftsteller*innen und Komponist*innen f\u00fcr das phonetisch-musikalische SprachKunstTrio <strong>sprechbohrer<\/strong> geschrieben haben. Mit Beitr\u00e4gen von Stefan Fricke, Harald Muenz, Florian Neuner, Rainer Nonnenmann und Georg Sachse sowie Crauss, Christian Filips, Christoph Herndler, Neo H\u00fclcker, Swantje Lichtenstein, Karin Spielhofer, Robert St\u00e4hr, Christian Steinbacher, Mathias Traxler, Elisabeth Wandeler-Deck. Die beiliegende CD enthalt alle St\u00fccke, die 2018 f\u00fcr die zweite Folge des Projekts &#8218;Autorenmusik&#8216; entstanden sind. <\/p>\n\n\n\n<p><a href=\"https:\/\/www.reinecke-voss.de\/autorenmusik\">Reinecke &amp; Vo\u00df<\/a>, Leipzig 2019<br>ISBN 978-3-942901-33-8<\/p>\n<\/div><\/div>\n\n\n\n<p><\/p>\n\n\n\n<hr class=\"wp-block-separator has-alpha-channel-opacity\"\/>\n\n\n\n<div class=\"wp-block-media-text alignwide is-stacked-on-mobile\"><figure class=\"wp-block-media-text__media\"><img data-recalc-dims=\"1\" loading=\"lazy\" decoding=\"async\" width=\"300\" height=\"300\" src=\"https:\/\/i0.wp.com\/sprechbohrer.de\/wp-content\/uploads\/2022\/06\/sprebo_coverdrei.jpg?resize=300%2C300&#038;ssl=1\" alt=\"\" class=\"wp-image-296 size-full\" srcset=\"https:\/\/i0.wp.com\/sprechbohrer.de\/wp-content\/uploads\/2022\/06\/sprebo_coverdrei.jpg?w=300&amp;ssl=1 300w, https:\/\/i0.wp.com\/sprechbohrer.de\/wp-content\/uploads\/2022\/06\/sprebo_coverdrei.jpg?resize=150%2C150&amp;ssl=1 150w\" sizes=\"auto, (max-width: 300px) 100vw, 300px\" \/><\/figure><div class=\"wp-block-media-text__content\">\n<p style=\"font-size:16px\">Das 3. Album des Trios pr\u00e4sentiert eine Auswahl aus Kompositionen der 3 Ensemblemitglieder aus 3 x 5 Jahren gemeinsamer Arbeit (2004 \u2013 2019). <\/p>\n\n\n\n<p class=\"has-small-font-size\">Sigrid Sachse: Drei Wetterberichte \/ Zu-Vo-El \/ Krawumm hoch 3 \/ Hellgl\u00e4ntzendes Silber<\/p>\n\n\n\n<p class=\"has-small-font-size\">Harald Muenz: Im Merzen am Rheine \u2013 zweisilbig parallel \/ D(r)e(i)ChiffrAge \/ Corriger la fortune \/ \u2026 und dann ist mir Donaueschingen dazwischengekommen \u2026 <\/p>\n\n\n\n<p class=\"has-small-font-size\">Georg Sachse: Des Kaisers neue Kleider \/ 3 Volksweisen \/ Merseburger Zauberspruch II<\/p>\n\n\n\n<p><a href=\"https:\/\/linktr.ee\/sprechbohrer\">released online<\/a><\/p>\n\n\n\n<p>klangforschungszentrale 2019<\/p>\n<\/div><\/div>\n\n\n\n<p><\/p>\n\n\n\n<hr class=\"wp-block-separator has-alpha-channel-opacity\"\/>\n\n\n\n<div class=\"wp-block-media-text alignwide has-media-on-the-right is-stacked-on-mobile\"><figure class=\"wp-block-media-text__media\"><img data-recalc-dims=\"1\" loading=\"lazy\" decoding=\"async\" width=\"200\" height=\"199\" src=\"https:\/\/i0.wp.com\/sprechbohrer.de\/wp-content\/uploads\/2022\/06\/schwitterscd.jpg?resize=200%2C199&#038;ssl=1\" alt=\"\" class=\"wp-image-298 size-full\" srcset=\"https:\/\/i0.wp.com\/sprechbohrer.de\/wp-content\/uploads\/2022\/06\/schwitterscd.jpg?w=200&amp;ssl=1 200w, https:\/\/i0.wp.com\/sprechbohrer.de\/wp-content\/uploads\/2022\/06\/schwitterscd.jpg?resize=150%2C150&amp;ssl=1 150w\" sizes=\"auto, (max-width: 200px) 100vw, 200px\" \/><\/figure><div class=\"wp-block-media-text__content\">\n<p style=\"font-size:15px\">Kurt Schwitters&#8216; &#8222;Sonate in Urlauten&#8220; ist <em>das<\/em> prototypische, an der Grenze zwischen Musik und Sprache angesiedelte Werk; die \u201eUrsonate\u201c steht geradezu sprich\u00adw\u00f6rtlich f\u00fcr Lautdichtung. F\u00fcr Schwitters, der sich auch als sein eigener Interpret f\u00fcr die Verbreitung seines laut\u00adpoetischen opus magnum engagierte, schien es nur schwer denkbar, dass sein Werk ohne ihn \u00fcberhaupt \u00fcberlebensf\u00e4hig sein k\u00f6nnte. Nichtsdestotrotz brachte es die \u201eUrsonate\u201c zu bei\u00adspielloser Ber\u00fchmtheit.<\/p>\n\n\n\n<p style=\"font-size:15px\">F\u00fcr diese CD legen die sprechbohrer ihre einzigartige Interpretation der \u201eUrsonate\u201c vor und pr\u00e4sentieren zudem weitere &#8222;konsequente  dichtung&#8220; des K\u00fcnstlers, der eines der facettenreichsten lautpoetischen \u0152uvre des 20. Jahrhunderts schuf.<\/p>\n\n\n\n<p>Das Album ist sowohl <a href=\"https:\/\/linktr.ee\/sprechbohrer\">online ver\u00f6ffentlicht<\/a><\/p>\n\n\n\n<p>als auch<a href=\"https:\/\/de.schott-music.com\/shop\/ursonate-und-andere-konsequente-dichtung-no326545.html\"> als CD erh\u00e4ltlich<\/a>. <\/p>\n<\/div><\/div>\n\n\n\n<hr class=\"wp-block-separator has-alpha-channel-opacity\"\/>\n\n\n\n<div class=\"wp-block-media-text alignwide is-stacked-on-mobile\"><figure class=\"wp-block-media-text__media\"><img data-recalc-dims=\"1\" loading=\"lazy\" decoding=\"async\" width=\"230\" height=\"230\" src=\"https:\/\/i0.wp.com\/sprechbohrer.de\/wp-content\/uploads\/2022\/06\/helmscd.jpg?resize=230%2C230&#038;ssl=1\" alt=\"\" class=\"wp-image-300 size-full\" srcset=\"https:\/\/i0.wp.com\/sprechbohrer.de\/wp-content\/uploads\/2022\/06\/helmscd.jpg?w=230&amp;ssl=1 230w, https:\/\/i0.wp.com\/sprechbohrer.de\/wp-content\/uploads\/2022\/06\/helmscd.jpg?resize=150%2C150&amp;ssl=1 150w\" sizes=\"auto, (max-width: 230px) 100vw, 230px\" \/><\/figure><div class=\"wp-block-media-text__content\">\n<p style=\"font-size:15px\">Hans G Helms&#8216; legend\u00e4res Sprachkunstwerk&nbsp;fa:m&#8216; ahniesgwow, das Erfahrungen w\u00e4hrend der Herrschaft des Naziterrors bis hin zur \u00c4ra des Konsumzwangs verarbeitet, hat bis heute nichts an Brisanz verloren. Im Grenzbereich zwischen Literatur und musikalischer Komposition werden konventionelle Sprachgewohnheiten gesprengt. Das phonetisch-musikalische SprachKunstTrio&nbsp;sprechbohrer&nbsp;legt das Kultwerk nun in einer von Helms autorisierten Version vor.&nbsp;<\/p>\n\n\n\n<p style=\"font-size:15px\">Die bei <a href=\"https:\/\/de.schott-music.com\/shop\/fa-m-ahniesgwow-no281208.html\">SCHOTT\/WERGO<\/a> erschienene Doppel-CD wurde mit dem Preis der Deutschen Schallplattenkritik (Bestenliste 3\/2011) ausgezeichnet und von der britischen Musikzeitschrift The Wire unter die 10 Top Picks des Jahres 2011 gew\u00e4hlt.<\/p>\n<\/div><\/div>\n","protected":false},"excerpt":{"rendered":"<p>Ver\u00f6ffentlichungen der sprechbohrer sprechbohrer \u2022 in dubio. elektro-akustische musik mit kinder- und erwachsenenstimmen von georg sachse 2009. remastered 2021. released online klangforschungszentrale nov. 2021 Harald Muenz &amp; Florian Neuner (Hg.) [&hellip;]<\/p>\n","protected":false},"author":1,"featured_media":0,"parent":0,"menu_order":0,"comment_status":"closed","ping_status":"closed","template":"","meta":{"footnotes":""},"class_list":["post-277","page","type-page","status-publish","hentry"],"jetpack_sharing_enabled":true,"_links":{"self":[{"href":"https:\/\/sprechbohrer.de\/index.php?rest_route=\/wp\/v2\/pages\/277","targetHints":{"allow":["GET"]}}],"collection":[{"href":"https:\/\/sprechbohrer.de\/index.php?rest_route=\/wp\/v2\/pages"}],"about":[{"href":"https:\/\/sprechbohrer.de\/index.php?rest_route=\/wp\/v2\/types\/page"}],"author":[{"embeddable":true,"href":"https:\/\/sprechbohrer.de\/index.php?rest_route=\/wp\/v2\/users\/1"}],"replies":[{"embeddable":true,"href":"https:\/\/sprechbohrer.de\/index.php?rest_route=%2Fwp%2Fv2%2Fcomments&post=277"}],"version-history":[{"count":13,"href":"https:\/\/sprechbohrer.de\/index.php?rest_route=\/wp\/v2\/pages\/277\/revisions"}],"predecessor-version":[{"id":304,"href":"https:\/\/sprechbohrer.de\/index.php?rest_route=\/wp\/v2\/pages\/277\/revisions\/304"}],"wp:attachment":[{"href":"https:\/\/sprechbohrer.de\/index.php?rest_route=%2Fwp%2Fv2%2Fmedia&parent=277"}],"curies":[{"name":"wp","href":"https:\/\/api.w.org\/{rel}","templated":true}]}}