{"id":71,"date":"2022-02-20T15:02:22","date_gmt":"2022-02-20T15:02:22","guid":{"rendered":"https:\/\/sprechbohrer.de\/?page_id=71"},"modified":"2025-07-07T20:23:42","modified_gmt":"2025-07-07T20:23:42","slug":"about","status":"publish","type":"page","link":"https:\/\/sprechbohrer.de\/?page_id=71","title":{"rendered":"#about"},"content":{"rendered":"\n<p><strong>Biographie eines Ensembles<\/strong><\/p>\n\n\n\n<p>Das in K\u00f6ln basierte SprachKunstTrio&nbsp;<mark style=\"background-color:rgba(0, 0, 0, 0)\" class=\"has-inline-color has-vivid-red-color\">sprechbohrer<\/mark>&nbsp;(Sigrid Sachse, Harald Muenz, Georg Sachse) arbeitet daran, Sprechkunst zu musikalischem Leben zu erwecken. Das Ensemble gr\u00fcndete sich 2004, um aus musikalischer Perspektive Texte aufzuf\u00fchren, die zwischen Musik, Phonetik und Literatur angesiedelt sind. Alle drei Ensemblemitglieder sind ausgewiesene Musiker. Ihre vielgestaltigen und divergenten Erfahrungen in den Bereichen Komposition und Interpretation, Literatur und Phonetik flie\u00dfen in der Ensemblearbeit zusammen und erg\u00e4nzen sich zu einem singul\u00e4ren, grenz\u00fcberschreitenden und multilingualen Ansatz. <\/p>\n\n\n\n<div class=\"wp-block-columns is-layout-flex wp-container-core-columns-is-layout-9d6595d7 wp-block-columns-is-layout-flex\">\n<div class=\"wp-block-column is-layout-flow wp-block-column-is-layout-flow\" style=\"flex-basis:50%\">\n<div class=\"wp-block-group\"><div class=\"wp-block-group__inner-container is-layout-flow wp-block-group-is-layout-flow\">\n<p>Zum&nbsp;<mark style=\"background-color:rgba(0, 0, 0, 0)\" class=\"has-inline-color has-vivid-red-color\">sprechbohrer<\/mark>-Repertoire geh\u00f6ren &#8222;Klassiker&#8220; wie Hans G <strong>Helms<\/strong>, Kurt <strong>Schwitters<\/strong>, Dieter <strong>Schnebel<\/strong>, Gerhard <strong>R\u00fchm<\/strong>, Oskar <strong>Pastior<\/strong>, Tom <strong>Johnson<\/strong> oder John <strong>Cage<\/strong>. Kompositionen der&nbsp;Ensemblemitglieder stellen einen weiteren Schwerpunkt der gemeinsamen Arbeit dar. Dar\u00fcber hinaus ist dem Ensemble die pers\u00f6nliche Zusammenarbeit mit Autor\u00b0innen aus den Bereichen experimenteller Musik sowie experimenteller Literatur besonders wichtig. <\/p>\n\n\n\n<hr class=\"wp-block-separator has-alpha-channel-opacity\"\/>\n<\/div><\/div>\n\n\n\n<p>Bislang (2025) haben die&nbsp;<mark style=\"background-color:rgba(0, 0, 0, 0)\" class=\"has-inline-color has-vivid-red-color\">sprechbohrer<\/mark>&nbsp;neu entstandene Sprach-Werke von Tone <strong>Avenstroup<\/strong>, Peter <strong>Behrendsen<\/strong>, <strong>Crauss<\/strong>, Elfriede <strong>Czurda<\/strong>, Eduard <strong>Escoffet<\/strong>, Christian <strong>Filips<\/strong>, Stefan <strong>Fricke<\/strong>, Georg <strong>Heike<\/strong>, Christoph <strong>Herndler<\/strong>, Neo <strong>H\u00fclcker<\/strong>, hans w. <strong>koch<\/strong>, Barbara <strong>K\u00f6hler<\/strong>, Katalin <strong>Ladik<\/strong>, Swantje <strong>Lichtenstein<\/strong>, Julia <strong>Mih\u00e1ly<\/strong>, Florian <strong>Neuner<\/strong>, Roman <strong>Pfeifer<\/strong>, Hans Peter <strong>Reutter<\/strong>, Morten <strong>S\u00f8ndergaard<\/strong>, Karin <strong>Spielhofer<\/strong>, Robert <strong>St\u00e4hr<\/strong>, Christian <strong>Steinbacher<\/strong>, Stefan <strong>Streich<\/strong>, Miia <strong>Toivio<\/strong>, Mathias <strong>Traxler<\/strong> und Elisabeth <strong>Wandeler-Deck<\/strong> realisiert. Ein Teil dieser Kompositionen ist beim Hessischen Rundfunk (Redaktion: Stefan Fricke) dokumentiert.<\/p>\n<\/div>\n\n\n\n<div class=\"wp-block-column is-layout-flow wp-block-column-is-layout-flow\" style=\"flex-basis:50%\"><div class=\"wp-block-image is-resized is-style-rounded\">\n<figure class=\"alignright size-large\"><img data-recalc-dims=\"1\" loading=\"lazy\" decoding=\"async\" width=\"678\" height=\"678\" src=\"https:\/\/i0.wp.com\/sprechbohrer.de\/wp-content\/uploads\/2022\/02\/sprebo_8.jpg?resize=678%2C678&#038;ssl=1\" alt=\"\" class=\"wp-image-73\" style=\"width:305px;height:auto\" srcset=\"https:\/\/i0.wp.com\/sprechbohrer.de\/wp-content\/uploads\/2022\/02\/sprebo_8-scaled.jpg?resize=1024%2C1024&amp;ssl=1 1024w, https:\/\/i0.wp.com\/sprechbohrer.de\/wp-content\/uploads\/2022\/02\/sprebo_8-scaled.jpg?resize=300%2C300&amp;ssl=1 300w, https:\/\/i0.wp.com\/sprechbohrer.de\/wp-content\/uploads\/2022\/02\/sprebo_8-scaled.jpg?resize=150%2C150&amp;ssl=1 150w, https:\/\/i0.wp.com\/sprechbohrer.de\/wp-content\/uploads\/2022\/02\/sprebo_8-scaled.jpg?resize=768%2C768&amp;ssl=1 768w, https:\/\/i0.wp.com\/sprechbohrer.de\/wp-content\/uploads\/2022\/02\/sprebo_8-scaled.jpg?resize=1536%2C1536&amp;ssl=1 1536w, https:\/\/i0.wp.com\/sprechbohrer.de\/wp-content\/uploads\/2022\/02\/sprebo_8-scaled.jpg?resize=2048%2C2048&amp;ssl=1 2048w, https:\/\/i0.wp.com\/sprechbohrer.de\/wp-content\/uploads\/2022\/02\/sprebo_8-scaled.jpg?w=1356&amp;ssl=1 1356w\" sizes=\"auto, (max-width: 678px) 100vw, 678px\" \/><\/figure>\n<\/div><\/div>\n<\/div>\n\n\n\n<p>Von Anfang an war Helms&#8216; epochemachendes Werk Fa: m&#8216; Ahniesgwow (1959) den\u00a0<mark style=\"background-color:rgba(0, 0, 0, 0)\" class=\"has-inline-color has-vivid-red-color\">sprechbohrer<\/mark>n\u00a0ein besonderes Anliegen. Bereits im Gr\u00fcndungsjahr 2004 pr\u00e4sentierte das Trio seine Version der vierten Struktur, die der Autor selbst aufgrund ihrer eigenwilligen Textdisposition f\u00fcr nicht auff\u00fchrbar gehalten hatte. In den folgenden Jahren wurden die weiteren Strukturen des Werkes einstudiert und aufgef\u00fchrt. Am 20. Februar 2010 fand schlie\u00dflich die weltweit erste Auff\u00fchrung des 90min\u00fctigen Gesamtwerks in Anwesenheit von Hans G Helms statt, der die Fassung der\u00a0<em>sprechbohrer<\/em> auch autorisierte. Die erste Gesamtaufnahme (hr2 Kultur, Produzent: Stefan Fricke), gef\u00f6rdert von der Kunststiftung des Landes NRW und von WERGO ver\u00f6ffentlicht, wurde 2011 mit einem Preis der deutschen Schallplattenkritik ausgezeichnet; das Londoner Kultmagazin The Wire listete die Aufnahme unter ihren \u201cTop 10 picks 2011\u201d. Die zweite CD der\u00a0<mark style=\"background-color:rgba(0, 0, 0, 0)\" class=\"has-inline-color has-vivid-red-color\">sprechbohrer<\/mark>\u00a0(WERGO) brachte die komplette Konsequente Dichtung der Merz-Legende Kurt Schwitters heraus und erntete ebenfalls in Fachkreisen sowie in diversen Rezensionen gro\u00dfes Lob.<\/p>\n\n\n\n<div class=\"wp-block-columns is-layout-flex wp-container-core-columns-is-layout-9d6595d7 wp-block-columns-is-layout-flex\">\n<div class=\"wp-block-column is-layout-flow wp-block-column-is-layout-flow\" style=\"flex-basis:50%\">\n<div class=\"wp-block-group\"><div class=\"wp-block-group__inner-container is-layout-flow wp-block-group-is-layout-flow\">\n<figure class=\"wp-block-image size-full is-resized is-style-default\"><img data-recalc-dims=\"1\" loading=\"lazy\" decoding=\"async\" width=\"300\" height=\"300\" src=\"https:\/\/i0.wp.com\/sprechbohrer.de\/wp-content\/uploads\/2022\/02\/sprebo_coverdrei.jpg?resize=300%2C300&#038;ssl=1\" alt=\"\" class=\"wp-image-75\" style=\"width:363px;height:auto\" srcset=\"https:\/\/i0.wp.com\/sprechbohrer.de\/wp-content\/uploads\/2022\/02\/sprebo_coverdrei.jpg?w=300&amp;ssl=1 300w, https:\/\/i0.wp.com\/sprechbohrer.de\/wp-content\/uploads\/2022\/02\/sprebo_coverdrei.jpg?resize=150%2C150&amp;ssl=1 150w\" sizes=\"auto, (max-width: 300px) 100vw, 300px\" \/><\/figure>\n<\/div><\/div>\n<\/div>\n\n\n\n<div class=\"wp-block-column is-layout-flow wp-block-column-is-layout-flow\" style=\"flex-basis:50%\">\n<p>2019 erschien online das dritte Album&nbsp;<em>drei<\/em>&nbsp;der&nbsp;<mark style=\"background-color:rgba(0, 0, 0, 0)\" class=\"has-inline-color has-vivid-red-color\">sprechbohrer<\/mark>&nbsp;mit einer Auswahl von&nbsp;Kompositionen der Ensemblemitglieder aus den bislang 15 Jahren des Bestehens statt. Ebenfalls 2019 wurde das Buch&nbsp;<em>Autorenmusik. Erkundungen im Zwischenreich von Sprache und Musik<\/em>&nbsp;ver\u00f6ffentlicht, herausgegeben von Harald Muenz und Florian Neuner, in welchem die gleichnamigen&nbsp;<mark style=\"background-color:rgba(0, 0, 0, 0)\" class=\"has-inline-color has-vivid-red-color\">sprechbohrer<\/mark>-Projekte der Jahre 2017 und 2018 dokumentiert sind. Eine beiliegende CD versammelt f\u00fcr das Ensemble entstandene Werke von Christian Filips, Neo H\u00fclcker, Barbara K\u00f6hler, Swantje Lichtenstein, Florian Neuner und Roman Pfeiffer.<\/p>\n\n\n\n<hr class=\"wp-block-separator has-alpha-channel-opacity\"\/>\n<\/div>\n<\/div>\n\n\n\n<div class=\"wp-block-media-text has-media-on-the-right is-stacked-on-mobile\" style=\"grid-template-columns:auto 45%\"><div class=\"wp-block-media-text__content\">\n<p>2021\/22 realisierten die <mark style=\"background-color:rgba(0, 0, 0, 0)\" class=\"has-inline-color has-vivid-red-color\">sprechbohrer<\/mark> in Kooperation mit der Lettr\u00e9tage Berlin das Projekt <strong>The Poets&#8216; Sounds<\/strong>. Dank gro\u00dfz\u00fcgiger Unterst\u00fctzung (unter anderem durch die Kulturstiftung des Bundes und die Kunststiftung NRW) konnte es mit neuen Kompositionen von sechs internationalen Dichter:innen durch sieben europ\u00e4ische St\u00e4dte touren. Die f\u00fcr das Projekt entstandenen Werke sind auf dem 2024 online erschienenen Album gleichen Namens dokumentiert. <\/p>\n<\/div><figure class=\"wp-block-media-text__media\"><img data-recalc-dims=\"1\" loading=\"lazy\" decoding=\"async\" width=\"678\" height=\"678\" src=\"https:\/\/i0.wp.com\/sprechbohrer.de\/wp-content\/uploads\/2025\/07\/tps2.jpg?resize=678%2C678&#038;ssl=1\" alt=\"\" class=\"wp-image-319 size-full\" srcset=\"https:\/\/i0.wp.com\/sprechbohrer.de\/wp-content\/uploads\/2025\/07\/tps2-scaled.jpg?resize=1024%2C1024&amp;ssl=1 1024w, https:\/\/i0.wp.com\/sprechbohrer.de\/wp-content\/uploads\/2025\/07\/tps2-scaled.jpg?resize=300%2C300&amp;ssl=1 300w, https:\/\/i0.wp.com\/sprechbohrer.de\/wp-content\/uploads\/2025\/07\/tps2-scaled.jpg?resize=150%2C150&amp;ssl=1 150w, https:\/\/i0.wp.com\/sprechbohrer.de\/wp-content\/uploads\/2025\/07\/tps2-scaled.jpg?resize=768%2C768&amp;ssl=1 768w, https:\/\/i0.wp.com\/sprechbohrer.de\/wp-content\/uploads\/2025\/07\/tps2-scaled.jpg?resize=1536%2C1536&amp;ssl=1 1536w, https:\/\/i0.wp.com\/sprechbohrer.de\/wp-content\/uploads\/2025\/07\/tps2-scaled.jpg?resize=2048%2C2048&amp;ssl=1 2048w, https:\/\/i0.wp.com\/sprechbohrer.de\/wp-content\/uploads\/2025\/07\/tps2-scaled.jpg?w=1356&amp;ssl=1 1356w\" sizes=\"auto, (max-width: 678px) 100vw, 678px\" \/><\/figure><\/div>\n","protected":false},"excerpt":{"rendered":"<p>Biographie eines Ensembles Das in K\u00f6ln basierte SprachKunstTrio&nbsp;sprechbohrer&nbsp;(Sigrid Sachse, Harald Muenz, Georg Sachse) arbeitet daran, Sprechkunst zu musikalischem Leben zu erwecken. Das Ensemble gr\u00fcndete sich 2004, um aus musikalischer Perspektive [&hellip;]<\/p>\n","protected":false},"author":1,"featured_media":0,"parent":0,"menu_order":0,"comment_status":"closed","ping_status":"closed","template":"","meta":{"footnotes":""},"class_list":["post-71","page","type-page","status-publish","hentry"],"jetpack_sharing_enabled":true,"_links":{"self":[{"href":"https:\/\/sprechbohrer.de\/index.php?rest_route=\/wp\/v2\/pages\/71","targetHints":{"allow":["GET"]}}],"collection":[{"href":"https:\/\/sprechbohrer.de\/index.php?rest_route=\/wp\/v2\/pages"}],"about":[{"href":"https:\/\/sprechbohrer.de\/index.php?rest_route=\/wp\/v2\/types\/page"}],"author":[{"embeddable":true,"href":"https:\/\/sprechbohrer.de\/index.php?rest_route=\/wp\/v2\/users\/1"}],"replies":[{"embeddable":true,"href":"https:\/\/sprechbohrer.de\/index.php?rest_route=%2Fwp%2Fv2%2Fcomments&post=71"}],"version-history":[{"count":10,"href":"https:\/\/sprechbohrer.de\/index.php?rest_route=\/wp\/v2\/pages\/71\/revisions"}],"predecessor-version":[{"id":326,"href":"https:\/\/sprechbohrer.de\/index.php?rest_route=\/wp\/v2\/pages\/71\/revisions\/326"}],"wp:attachment":[{"href":"https:\/\/sprechbohrer.de\/index.php?rest_route=%2Fwp%2Fv2%2Fmedia&parent=71"}],"curies":[{"name":"wp","href":"https:\/\/api.w.org\/{rel}","templated":true}]}}